 -2*g + 7 = q, -q + 0*q + 3 = 0. Suppose -p = g*p - 14133. Is p prime?
False
Let b be ((-44)/8 - -3)*2. Is (-174)/b*30/12 prime?
False
Let x(c) = -829*c + 16. Is x(-3) a prime number?
True
Let a be ((585/4)/5)/(9/(-36)). Let r = a + 482. Is r composite?
True
Suppose 2*w - 8 = -0. Suppose -w*n + 18 = -n. Suppose s + 2435 = n*s. Is s composite?
False
Let v(m) = 71*m**2 - 6*m - 5. Let z(f) = -f**3 - 10*f**2 + 12*f + 9. Let u be z(-11). Is v(u) a composite number?
True
Let p(b) = 487 - 3*b**3 - 5*b**3 + 2*b**2 + 6*b**3 + b**3. Let d(n) = -n - 14. Let q be d(-14). Is p(q) a composite number?
False
Let l = -7232 - -18481. Is l composite?
True
Suppose -5*h - 3*b = -23078, -3*h - 2*b + 12532 + 1314 = 0. Is h composite?
True
Suppose 0 = -28*m + 29*m - 22711. Is m prime?
False
Suppose 3*h - 9711 = -2*y, 0 = -h - y - 0*y + 3238. Is h a composite number?
True
Suppose 2*k + 2*r = -1566, 109 = -k - 3*r - 684. Let j = k - -1171. Is j a composite number?
True
Let v = 1264 - -1315. Is v prime?
True
Let m = 23247 + -9546. Is m a prime number?
False
Is (7/1)/7*2903 a prime number?
True
Suppose 10685 = -6*i + 545. Let t = -803 - i. Let g = t - 592. Is g a prime number?
False
Suppose -5*z + 11 + 8 = -3*n, -z = -4*n - 14. Let s be 6/9 - 343/n. Let h = s - 28. Is h prime?
False
Suppose -17*w - 198146 = -43*w. Is w prime?
True
Let w(s) = 66*s + 7. Let u be -3 + -18*(-5)/10. Is w(u) a composite number?
True
Is (-19747)/(-14) - 3/(-6) a composite number?
True
Suppose 0 = 3*i - 5*i + 6. Suppose -x = i*x - 768. Suppose x = l + 5. Is l prime?
False
Let f be 276/34 - 24/204. Suppose -f*u + 1929 = 257. Is u prime?
False
Let n = 236 - -2123. Suppose 11*k + n = 12*k. Is k prime?
False
Let j(m) = 142*m + 19. Suppose 30 = 5*h + 5*i, 0*i - 5*i + 15 = 0. Is j(h) composite?
True
Let d be 10226*(-2 - -3)*1. Suppose d = 15*z - 5779. Is z a composite number?
True
Let u(s) = 2*s**2 + 2*s - 12. Let g be u(4). Let v = 5 + g. Is v prime?
False
Let i be (9/(-18))/(1/(-2 + -262)). Let w = i + 449. Is w prime?
False
Let l = 4161 - -610. Is l a prime number?
False
Let o = 4402 + -711. Is o a composite number?
False
Suppose 5*p = 3*w + 20, 4*w - 9*w = 3*p + 56. Is ((-516)/w)/(32/80) a prime number?
False
Let v(y) = -8*y - 58. Let k be v(-8). Is (1117 - k) + (-4)/(-1) prime?
False
Let h = -226 + 593. Let x be (144/21)/((-5)/35). Let r = h + x. Is r a prime number?
False
Is (78/(-12) + 7)*974 prime?
True
Suppose 56174 = 6*g - 17488. Is g prime?
True
Suppose -6*k + 37503 = 3*k. Suppose -2*a = 4*s - 7882, -5*a - 10111 = -3*s - k. Is s prime?
True
Let x = 32 - 30. Suppose 20 = -x*m + 4*m. Is m a prime number?
False
Suppose -3*k = -4*m + 69606, 38567 = 3*m + 3*k - 13648. Is m prime?
False
Let a(b) = -799*b - 212. Is a(-19) prime?
True
Let i = -1033 + 98. Let p = 1316 + i. Is p a prime number?
False
Let z(j) = -3379*j**3 + 3*j**2 + 2*j + 1. Is z(-2) prime?
False
Let t = 6941 - -350. Is t a composite number?
True
Suppose 3*y - n = 9, 2*y = -0*n + 2*n + 6. Suppose 3*p = y*l - 3, -4*p + 5*l + 0*l - 8 = 0. Suppose 0 = -p*d + 14 + 259. Is d a composite number?
True
Suppose 0 = 4*c, c = 5*x - c - 1005. Is x prime?
False
Let l(u) = -7*u**3 + u + 8*u**3 - 11*u**2 + 10 + 0*u - 2*u. Is l(13) prime?
False
Let m(s) = -s**3 + 32*s**2 - 27*s - 53. Let z = -45 + 67. Is m(z) prime?
False
Is (-103323654)/(-686) + 8/(-14) composite?
False
Suppose -217630 = -r - 9*r. Is r prime?
False
Suppose 0 = m - 3*p + 9, 14 = -2*m - 5*p - 15. Let f = -13 - m. Is (23*(1 + -6))/f a composite number?
True
Suppose 5*b = 3*p + 4484, -476 = -b - 3*p + 410. Is b a composite number?
True
Let p(a) = -a. Let j be p(1). Let m(s) = s + 1. Let d(l) = -130*l + 2. Let z(u) = j*m(u) + d(u). Is z(-2) composite?
False
Suppose -x + 2 + 6 = 0. Suppose 2*k - 4*y = -24, 0 = -k - 3*y + x. Is ((-4)/6)/(k/2514) a composite number?
False
Let l = -9 + -1. Let m = l + 11. Let f(b) = 266*b - 1. Is f(m) prime?
False
Let t be ((-208)/24 - -8)*(-48918)/4. Suppose -21*s + t - 194 = 0. Is s composite?
False
Let q(r) = -r - 20. Let k be q(-27). Suppose -3*w = b + 4*b - 621, 5*w - 1057 = -b. Suppose -k*c + 3*c = -w. Is c prime?
True
Suppose 0 = 5*a + 3*z - 681, 4*z - 658 + 110 = -4*a. Let k be (-1 + -1)/((-1)/44). Let v = a - k. Is v a composite number?
False
Let w(a) = -11*a**2 + 2*a + 1. Let r be w(5). Let q be 1/4 - (-1065)/(-20). Let h = q - r. Is h a composite number?
False
Let h(y) = 24*y**2 + 2*y - 15. Suppose -4*d - 17 = -k + 15, 0 = -4*d - 2*k - 20. Is h(d) composite?
True
Suppose -v = -c + 9, 0*c = -c + 3*v + 19. Let k(w) = 7*w**3 + 5*w**2 - 2*w - 9. Is k(c) prime?
False
Suppose -b = -4*d + 60927, -2*d + 16*b + 30447 = 21*b. Is d composite?
True
Suppose -3*p + 8*p + 4*a - 378277 = 0, p - 75656 = -a. Is p composite?
False
Suppose l + 2*t - 11029 = 0, 22057 = 2*l + 32*t - 29*t. Is l prime?
True
Let z(x) = -x**3 + 25*x**2 + 50*x - 29. Is z(14) prime?
False
Let j be (5/10)/((-7)/504). Is (-3384)/j*13/4*2 a composite number?
True
Let j be -2*1/(4/(-10)). Suppose 31953 = -2*x + j*x. Is x a prime number?
True
Suppose 2511 + 1527 = 3*h. Is h prime?
False
Let p = 259 + 85. Suppose -3*c - p = 3*v + 358, c + 4*v = -249. Is -3 - (3 - c)/(-2) prime?
True
Let v(c) = -77*c**3 - 2*c**2 + 12*c + 13. Is v(-4) prime?
True
Let y be 8/28 + (-174)/21. Let q(j) = 13*j**2 + 18*j + 3. Let s be q(y). Suppose -3*b = -4*x - s - 759, 0 = -5*b - x + 2409. Is b prime?
False
Suppose -q - 3*q = -1120. Let m = q - 143. Suppose -3*o - 2*l = -4*o + m, 5*o = -3*l + 646. Is o prime?
True
Suppose -17*o + 96 = -11*o. Let s(y) = -2*y**3 + 35*y**2 - y + 35. Is s(o) composite?
False
Suppose 939367 + 595206 = 19*r. Is r composite?
True
Let z(h) = 194*h**2 - 20*h - 3. Is z(11) a composite number?
False
Suppose -2*o = -3*o + 2. Suppose j + o*j - 108 = 0. Let q = j - -10. Is q a prime number?
False
Suppose 13*p = 8587 + 56218. Is p a prime number?
False
Let q = 10075 - 3212. Is q prime?
True
Let m(t) = t**3 + 12*t**2 + 8*t - 8. Let u be m(-11). Suppose 0 = -u*l + 31*l - 4098. Is l prime?
True
Let i = 1647 - -514. Let a = 3578 - i. Is a composite?
True
Let m(d) = d**3 - 9*d**2 + 3*d. Let s be m(10). Suppose 2*q - s - 316 = 0. Is q a composite number?
False
Let c(g) = g + 13. Let z be c(-13). Suppose -156 = -4*b - 2*f, -3*b - 2*b + f + 181 = z. Is b prime?
True
Let v be 0 - -1 - (81 - 2). Let y be (6/10)/(-1) + 21091/(-115). Let n = v - y. Is n composite?
True
Suppose 5*z - 117011 = -4*s, z - s = 6*z - 116999. Is z prime?
True
Let a = 465 + -367. Suppose 0 = -2*v - v + 5*c + 260, 258 = 3*v - 3*c. Let j = v + a. Is j a composite number?
True
Suppose -18*d - 12 = -21*d. Suppose -28255 = -5*o - d*s, -o - 1006 = -4*s - 6633. Is o a prime number?
True
Let c be -76*(-3 + (-115)/5). Let x = -949 + c. Is x composite?
True
Is 1/5 + (-18184)/(-5) composite?
False
Let a(x) = 59*x**2 + x + 3. Let d be a(3). Suppose -14*m = -7*m + 1890. Let i = m + d. Is i a composite number?
True
Let l(k) = k**3 + 4*k**2 - k + 39583. Is l(0) composite?
True
Suppose 92*d - 1498701 = 35*d. Is d a prime number?
True
Suppose 6*u - 176 = 7*u. Let d = -139 - -386. Let r = d + u. Is r prime?
True
Let i(l) = 11*l**2 + 17*l - 1. Let g(k) = 11*k**2 + 16*k. Let f(t) = 7*g(t) - 6*i(t). Is f(-13) a composite number?
True
Suppose 0 = 39*s - 41*s + 28346. Is s a composite number?
False
Suppose 6*a + 3355 = 7*a. Suppose 4*c = -5*b + 8697, 3*b = -4*c + a + 1860. Is b a prime number?
True
Let w = 17913 - 11576. Is w composite?
False
Let y(i) = -1039*i - 85. Is y(-8) composite?
True
Let w be 85061/4 - ((-4)/(-16) + 0). Suppose 0 = 324*x - 329*x + w. Is x prime?
True
Suppose -12*g - 49066 = -261958. Is g composite?
True
Let r be 6054/3 - -4 - 4. Is ((-1)/(4/r))/((-23)/46) composite?
False
Suppose 5*h - 2910 - 5910 = 5*n, 3*n - 7070 = -4*h. Suppose 6 = 2*v, v = l - 4*v - h. Is l a composite number?
True
Suppose 0 = 4*q - 3*q + 5, -5*q + 76314 = v. Is v a composite number?
True
Suppose 4*d + 1630 = h - 1221, 4*h - d = 11329. Is h a composite number?
True
Suppose 5*c - 24 - 1 = 0, -2*c = -5*r + 19705. Is r a composite number?
False
Suppose 2 + 7 = y. Is 1082/3*y/6 a prime number?
True
Suppose -4 = -2*j + x, -2*j - x - 4*x + 16 = 0. Suppose 8*n - 10 = j*n, q - 675 = n. Is q composite?
False
Let x(l) = -l**2 + 13*l + 4. Let v be x(13). Suppose v = 6*s